{"id":1511,"date":"2022-11-21T18:45:03","date_gmt":"2022-11-21T18:45:03","guid":{"rendered":"https:\/\/goiascooperativo.nucleo.site\/?page_id=1511"},"modified":"2022-11-21T18:45:03","modified_gmt":"2022-11-21T18:45:03","slug":"transparencia-2","status":"publish","type":"page","link":"https:\/\/www.goiascooperativo.coop.br\/sescoopgo\/transparencia-2\/","title":{"rendered":"Transpar\u00eancia"},"content":{"rendered":"\n<h2 class=\"wp-block-heading\">Transpar\u00eancia SESCOOP\/GO<\/h2>\n\n\n\n<p>Aqui voc\u00ea vai encontrar todas as informa\u00e7\u00f5es sobre como os recursos que o SESCOOP\/GO recebe s\u00e3o aplicados. A transpar\u00eancia e o acesso \u00e0 informa\u00e7\u00e3o s\u00e3o dever do Estado e direito do cidad\u00e3o garantido pela Constitui\u00e7\u00e3o Federal, pela Lei de Responsabilidade Fiscal (Lei Complementar n\u00ba 101\/00), pela Lei da Transpar\u00eancia (Lei Complementar n\u00ba 131\/09) e, mais recentemente, pela Lei de Acesso \u00e0 Informa\u00e7\u00e3o (Lei n\u00ba 12.527\/11). Navegue pelos conte\u00fados e conhe\u00e7a em detalhes tudo o que esses recursos est\u00e3o ajudando a construir.<\/p>\n\n\n\n<p>Os dados consolidados em \u00e2mbito nacional est\u00e3o dispon\u00edveis no s\u00edtio eletr\u00f4nico da Unidade Nacional.<\/p>\n\n\n\n<h1 class=\"wp-block-heading\"><strong>2020<\/strong><\/h1>\n\n\n\n<p>A partir de 2020 os dados de transpar\u00eancia do SESCOOP\/GO passam a ser disponibilizados no site da nossa Unidade Nacional o que facilitar\u00e1 o acesso aos usu\u00e1rios que ter\u00e3o dispon\u00edveis, em um s\u00f3 lugar, os dados de todas as Unidades e do \u00f3rg\u00e3o Nacional.<\/p>\n\n\n\n<p>Para acessar os dados a partir de 2020 basta clicar no bot\u00e3o, abaixo. <\/p>\n\n\n<div class=\"button-orange has-icon template-part-component-button\">\n            <a href=\"https:\/\/www.somoscooperativismo.coop.br\/transparencia-sescoop\/uf\/GO\"  target=\"_blank\">\n            <div class=\"nwe-icon icon-search-people\"><\/div>TRANSPAR\u00caNCIA A PARTIR DE 2020        <\/a>\n    <\/div>\n\n\n\n<h1 class=\"wp-block-heading\"><strong>2019<\/strong><\/h1>\n\n\n\n<p>Para acessar os dados de anos anteriores at\u00e9 2019 basta navegar pelas op\u00e7\u00f5es abaixo:<\/p>\n","protected":false},"excerpt":{"rendered":"Transpar\u00eancia SESCOOP\/GO Aqui voc\u00ea vai encontrar todas as informa\u00e7\u00f5es sobre como os recursos que o SESCOOP\/GO recebe s\u00e3o aplicados. A transpar\u00eancia e o acesso \u00e0 informa\u00e7\u00e3o s\u00e3o dever do Estado e direito do cidad\u00e3o garantido pela Constitui\u00e7\u00e3o Federal, pela Lei de Responsabilidade Fiscal (Lei Complementar n\u00ba 101\/00), pela Lei da Transpar\u00eancia (Lei Complementar n\u00ba 131\/09) [&hellip;]","protected":false},"author":1,"featured_media":0,"parent":0,"menu_order":0,"comment_status":"closed","ping_status":"closed","template":"","meta":{"_acf_changed":false,"footnotes":""},"class_list":["post-1511","page","type-page","status-publish","hentry"],"acf":[],"_links":{"self":[{"href":"https:\/\/www.goiascooperativo.coop.br\/sescoopgo\/wp-json\/wp\/v2\/pages\/1511","targetHints":{"allow":["GET"]}}],"collection":[{"href":"https:\/\/www.goiascooperativo.coop.br\/sescoopgo\/wp-json\/wp\/v2\/pages"}],"about":[{"href":"https:\/\/www.goiascooperativo.coop.br\/sescoopgo\/wp-json\/wp\/v2\/types\/page"}],"author":[{"embeddable":true,"href":"https:\/\/www.goiascooperativo.coop.br\/sescoopgo\/wp-json\/wp\/v2\/users\/1"}],"replies":[{"embeddable":true,"href":"https:\/\/www.goiascooperativo.coop.br\/sescoopgo\/wp-json\/wp\/v2\/comments?post=1511"}],"version-history":[{"count":0,"href":"https:\/\/www.goiascooperativo.coop.br\/sescoopgo\/wp-json\/wp\/v2\/pages\/1511\/revisions"}],"wp:attachment":[{"href":"https:\/\/www.goiascooperativo.coop.br\/sescoopgo\/wp-json\/wp\/v2\/media?parent=1511"}],"curies":[{"name":"wp","href":"https:\/\/api.w.org\/{rel}","templated":true}]}}